103).
19
Let m(i) = 5*i**3 - 1565*i**2 - 13*i + 4071. Determine m(313).
2
Let y(x) = -x**3 + 17*x**2 + 355*x + 949. Calculate y(30).
-101
Let z(q) = 13614*q - 490117. What is z(36)?
-13
Let u(g) = -g**3 + 90*g**2 + 53*g - 4401. What is u(90)?
369
Let c(m) = 2004*m + 2826. Determine c(-2).
-1182
Let l(w) = -344*w + 32521. What is l(95)?
-159
Let s(j) = 11*j**3 - 8*j**2 + 79*j - 281. Give s(4).
611
Let q(h) = -h**2 - 330*h - 19114. Calculate q(-75).
11
Let s(c) = -210*c**3 - 6*c**2 + 89*c + 93. What is s(-1)?
208
Let s(x) = -x**3 + 187*x**2 + 16069*x - 1305. Calculate s(251).
-50
Let h(j) = 5*j**2 + 889*j - 16783. What is h(-195)?
-13
Let q(z) = 5560*z + 19788. Give q(-3).
3108
Let a(z) = z**2 - 189*z - 9994. What is a(-43)?
-18
Let i(a) = -2239*a + 660518. Give i(295).
13
Let a(b) = b**2 - 27116*b + 216864. Determine a(8).
0
Let t(l) = 5*l**2 - 658*l - 7926. What is t(143)?
225
Let m(f) = 193*f - 16625. What is m(87)?
166
Let o(w) = w**3 - 165*w**2 - 288*w - 8169. Determine o(167).
-487
Let a(i) = 5*i**2 - 582*i - 7302. Give a(134).
4490
Let d(k) = 3*k**3 + 776*k**2 - 25348*k - 1158. What is d(-288)?
-6
Let a(l) = -16*l**2 - 713*l + 214. Determine a(-45).
-101
Let g(h) = 2*h**2 - 9*h - 1233. Calculate g(-28).
587
Let f(q) = -29*q - 2709. Calculate f(3).
-2796
Let r(t) = -271144*t + 10303476. What is r(38)?
4
Let o(l) = 18*l**2 + 3375*l + 5030. What is o(-186)?
8
Let t(y) = -80*y**2 + 153*y + 856. Determine t(4).
188
Let h(g) = 23*g**2 - 547*g + 48. Give h(23).
-366
Let g(i) = 14430*i - 3102509. Determine g(215).
-59
Let r(m) = -1868*m - 1535. Give r(-1).
333
Let w(q) = 1808*q + 30862. Calculate w(-17).
126
Let y(p) = p**2 + 16723*p - 184188. Give y(11).
-114
Let s(k) = -8602*k - 498801. Determine s(-58).
115
Let n(w) = -5131*w - 435. What is n(0)?
-435
Let n(p) = -137*p**3 + 320*p**2 - 84*p - 12. Give n(2).
4
Let l(n) = 3*n**2 - 87*n - 75. What is l(36)?
681
Let a(q) = -5829*q + 9139839. Determine a(1568).
-33
Let p(j) = 933*j**3 + j + 2. Determine p(-1).
-932
Let p(g) = 9*g**3 - 500*g**2 + 303*g + 15. Calculate p(55).
1555
Let m(g) = g**3 + 12*g**2 + 214*g + 2952. Give m(-12).
384
Let u(r) = 2*r**3 - 49*r**2 + 35*r - 336. Give u(24).
-72
Let h(n) = 1198*n**2 - 3560*n + 7. Give h(3).
109
Let f(y) = y**2 + 1209*y - 168612. Calculate f(126).
-402
Let a(t) = 2*t**2 - 127*t - 1533. Determine a(74).
21
Let v(s) = 157*s**2 + 1407*s - 138. Calculate v(-7).
-2294
Let k(d) = d**3 + 3*d**2 + 5388*d + 26977. What is k(-5)?
-13
Let k(a) = 39*a**2 + 9628*a - 1118. Calculate k(-247).
117
Let i(y) = -1990*y + 2381. Give i(0).
2381
Let o(a) = -4*a**2 - 182*a - 1928. What is o(-17)?
10
Let x(v) = 5*v**2 - 393*v - 812. What is x(73)?
-2856
Let p(s) = 2061*s + 855255. Give p(-415).
-60
Let o(r) = -54*r**2 + 13*r - 62. What is o(4)?
-874
Let s(q) = -121*q**3 - 1454*q**2 - 15*q + 37. Determine s(-12).
-71
Let k(t) = 488*t + 40500. Give k(-83).
-4
Let x(n) = 5*n**3 - 56*n**2 + 203*n + 352. Give x(12).
3364
Let f(p) = 11014*p**2 + 22022*p - 9. Calculate f(-2).
3
Let v(g) = -g**2 + 11123*g - 465419. Give v(42).
-17
Let b(k) = -13*k**3 + 64*k**2 + 26*k - 115. Calculate b(5).
-10
Let v(i) = 18110*i - 996047. Give v(55).
3
Let h(d) = -227*d**3 + 25*d**2 + 27*d - 38. Calculate h(-2).
1824
Let b(c) = -18775*c - 56320. Determine b(-3).
5
Let g(y) = 9*y**2 + 328*y - 10. Calculate g(-40).
1270
Let a(o) = o**3 - 288*o**2 - 2979*o - 364. What is a(298)?
-66
Let c(w) = -657*w - 38776. Give c(-59).
-13
Let d(x) = 8*x**2 + 15572*x - 538743. Give d(34).
-47
Let g(a) = -4*a**2 - 17*a + 6093. Give g(37).
-12
Let k(m) = 195*m + 540. Calculate k(-6).
-630
Let b(h) = 363*h - 18937. Give b(49).
-1150
Let a(q) = -q**2 + 1999*q - 2005. Determine a(1).
-7
Let k(l) = -126*l**3 - 2139*l**2 + 47*l + 24. Determine k(-17).
92
Let j(q) = -q**3 - 36*q**2 + 16*q - 2293. Determine j(-38).
-13
Let b(r) = 189*r**3 + 28729*r**2 + 154*r + 342. What is b(-152)?
38
Let j(r) = -4*r**3 + 829*r**2 - 4905*r + 324. Determine j(6).
-126
Let a(i) = -2*i**3 + 29*i**2 - 144*i + 4853. Calculate a(18).
-7
Let m(n) = 13*n**2 + 1538*n + 15312. Calculate m(-10).
1232
Let x(a) = 353*a + 11180. Calculate x(-32).
-116
Let q(b) = b**3 + 5*b**2 + 11*b + 105. Calculate q(-6).
3
Let v(s) = 2*s**3 + 93*s**2 - 19613*s + 1453. Give v(-125).
-47
Let a(o) = 1091040*o + 6546237. Give a(-6).
-3
Let k(c) = -17*c**3 - 969*c**2 - 6*c + 43. What is k(-57)?
385
Let h(g) = -1248*g + 262081. Give h(210).
1
Let h(t) = -2*t**2 + 350*t - 1187. Give h(172).
-155
Let d(s) = -s**3 - 1765*s**2 + 8940*s - 437. Calculate d(5).
13
Let k(s) = 425*s**2 - 2126*s + 1. Give k(5).
-4
Let s(n) = 39363*n + 196793. Calculate s(-5).
-22
Let t(n) = 2387*n + 4658. Give t(-2).
-116
Let h(k) = -3*k**2 - 934*k + 11633. Give h(12).
-7
Let h(u) = -u**2 + 2*u - 1106. Determine h(29).
-1889
Let b(i) = 52*i**2 + 1432*i + 5671. Calculate b(-4).
775
Let q(h) = -2806*h + 21197. Calculate q(9).
-4057
Let t(v) = v**3 + 5*v**2 + 4*v - 62. What is t(-7)?
-188
Let g(h) = 16918*h + 31146036. Calculate g(-1841).
-2
Let x(r) = -r**2 - 1297564*r + 15570916. Calculate x(12).
4
Let l(q) = -81*q**2 + 39*q + 9. What is l(1)?
-33
Let i(z) = -31126*z - 373692. What is i(-12)?
-180
Let u(p) = -2*p**2 - 955*p - 43070. Determine u(-51).
433
Let z(w) = 3401*w - 3141. What is z(1)?
260
Let f(b) = 177*b**3 - 9*b**2 - 19*b - 10. Calculate f(-1).
-177
Let a(z) = -255680*z + 9460141. Give a(37).
-19
Let o(a) = -6*a**3 - 13*a**2 - 777*a - 765. What is o(-1)?
5
Let s(y) = -22320*y + 580313. Determine s(26).
-7
Let n(p) = 122*p + 3114. What is n(-28)?
-302
Let d(g) = -314125*g + 1884766. Give d(6).
16
Let k(v) = -v**2 - 14253*v + 85521. Give k(6).
-33
Let t(r) = 2*r**2 - 1648*r - 30309. What is t(-18)?
3
Let i(u) = 115*u**2 + 44499*u - 135. What is i(-387)?
2187
Let p(m) = 2*m**3 + 104*m**2 + 20*m + 539. What is p(-52)?
-501
Let j(d) = -2*d**2 - 687*d - 15324. Determine j(-23).
-581
Let k(d) = 1281*d - 98627. Calculate k(77).
10
Let f(y) = y**3 + 76*y**2 + 1023*y - 813. Give f(-59).
-1993
Let l(a) = -8*a**2 + 3041*a + 337936. Calculate l(470).
6
Let t(c) = -c**2 + 6462*c - 64513. Determine t(10).
7
Let c(b) = -b**2 - 5639*b + 73446. Give c(13).
-30
Let y(i) = 166*i**2 + 23905*i + 78. Calculate y(-144).
-66
Let o(s) = 7*s**2 + 111*s + 230. What is o(-13)?
-30
Let p(y) = 35*y**2 - 1414*y - 13536. What is p(-8)?
16
Let o(p) = -156*p + 648. Calculate o(2).
336
Let m(w) = -12239*w + 73460. What is m(6)?
26
Let k(c) = c**2 - 1195*c - 354469. Calculate k(-246).
17
Let c(j) = 13237*j + 635395. Determine c(-48).
19
Let r(y) = -22*y**2 + 565*y + 174. What is r(26)?
-8
Let k(o) = -o**3 - 20*o**2 + 12353*o + 350661. Determine k(-29).
-7
Let p(o) = -6023*o - 211163. Calculate p(-35).
-358
Let d(i) = 34*i**3 - 343*i**2 - 1384*i - 8. Calculate d(-4).
-2136
Let b(y) = 91750*y - 550504. Calculate b(6).
-4
Let r(h) = 34*h**2 - 29806*h + 19289. Calculate r(876).
17
Let c(f) = 6*f**2 - 182*f + 600. What is c(31)?
724
Let v(r) = 15*r**2 + 22*r - 61. What is v(-4)?
91
Let l(f) = f**3 - 62*f**2 + 10*f - 539. Give l(62).
81
Let d(p) = 162713*p - 304. Determine d(0).
-304
Let f(q) = 4*q**2 + 8445*q + 636324. Calculate f(-2033).
-5
Let b(h) = -2*h**3 - 614*h**2 - 2460*h - 60. Give b(-4).
84
Let t(r) = 4*r**3 + 125*r**2 + 80*r + 1088. What is t(-31)?
-431
Let d(p) = p**2 + 322733*p + 1936356. Calculate d(-6).
-6
Let w(t) = 17*t**3 - 564*t**2 + 108*t - 254. What is w(33)?
43
Let x(b) = b**3 - 47*b**2 - 46*b - 292. What is x(48)?
-196
Let z(l) = -67966*l - 271900. Calculate z(-4).
-36
Let z(m) = 57*m**3 - 1541*m**2 + 60*m + 40. Calculate z(27).
202
Let j(s) = -191*s + 16648. Calculate j(108).
-3980
Let i(p) = 20657*p + 206582. Calculate i(-10).
12
Let p(y) = 335*y**2 - 5112*y + 1307. Calculate p(15).
2
Let v(n) = 9*n + 1669. Determine v(-195).
-86
Let y(k) = -31*k - 3005. Give y(-148).
1583
Let x(v) = 26592*v + 186269. Determine x(-7).
125
Let w(b) = -2*b**3 - 85*b**2 + 2938*b - 10819. Calculate w(-66).
5
Let l(i) = -i**3 - 79*i**2 - 1046*i + 420. Calculate l(-62).
-76
Let l(z) = -z - 123. Determine l(-35).
-88
Let h(l) = 4432*l + 771174. Give h(-174).
6
Let r(m) = 251*m - 4988. What is r(20)?
32
Let a(h) = 122*h**3 - 4397*h**2 + 137*h + 1557. Give a(36).
9
Let b(v) = -1317*v - 97536. What is b(-74)?
-78
Let t(r) = 24*r**